{"id":6335,"date":"2021-10-28T11:47:36","date_gmt":"2021-10-28T09:47:36","guid":{"rendered":"https:\/\/futura-brescia.it\/edizioni-passate\/?page_id=6335"},"modified":"2021-10-28T11:49:05","modified_gmt":"2021-10-28T09:49:05","slug":"giordano-bruno-guerri","status":"publish","type":"page","link":"https:\/\/www.futura-brescia.it\/edizioni-passate\/giordano-bruno-guerri\/","title":{"rendered":"Giordano Bruno Guerri"},"content":{"rendered":"\t\t<div data-elementor-type=\"wp-page\" data-elementor-id=\"6335\" class=\"elementor elementor-6335\">\n\t\t\t\t\t\t\t\t\t<section class=\"elementor-section elementor-top-section elementor-element elementor-element-b261a74 elementor-section-content-middle elementor-section-boxed elementor-section-height-default elementor-section-height-default\" data-id=\"b261a74\" data-element_type=\"section\">\n\t\t\t\t\t\t<div class=\"elementor-container elementor-column-gap-default\">\n\t\t\t\t\t<div class=\"elementor-column elementor-col-50 elementor-top-column elementor-element elementor-element-9839e05\" data-id=\"9839e05\" data-element_type=\"column\">\n\t\t\t<div class=\"elementor-widget-wrap elementor-element-populated\">\n\t\t\t\t\t\t\t\t<div class=\"elementor-element elementor-element-1e4c5e6 elementor-widget elementor-widget-text-editor\" data-id=\"1e4c5e6\" data-element_type=\"widget\" data-settings=\"{&quot;ekit_we_effect_on&quot;:&quot;none&quot;}\" data-widget_type=\"text-editor.default\">\n\t\t\t\t<div class=\"elementor-widget-container\">\n\t\t\t\t\t\t\t<h3 style=\"text-align: left;\"><span style=\"color: #db0c1c; font-size: 1.95rem;\">Giordano Bruno Guerri<\/span><\/h3>\n<p style=\"text-align: left; color: #7a7a7a;\"><span style=\"font-size: 1.3rem;\">Fondazione Vittoriale degli Italiani<br><\/span><\/p>\t\t\t\t\t\t<\/div>\n\t\t\t\t<\/div>\n\t\t\t\t\t<\/div>\n\t\t<\/div>\n\t\t\t\t<div class=\"elementor-column elementor-col-50 elementor-top-column elementor-element elementor-element-28df3d1\" data-id=\"28df3d1\" data-element_type=\"column\">\n\t\t\t<div class=\"elementor-widget-wrap elementor-element-populated\">\n\t\t\t\t\t\t\t\t<div class=\"elementor-element elementor-element-85c2387 elementor-widget elementor-widget-image\" data-id=\"85c2387\" data-element_type=\"widget\" data-settings=\"{&quot;ekit_we_effect_on&quot;:&quot;none&quot;}\" data-widget_type=\"image.default\">\n\t\t\t\t<div class=\"elementor-widget-container\">\n\t\t\t\t\t\t\t\t\t\t\t\t\t\t\t<img decoding=\"async\" width=\"300\" height=\"168\" src=\"https:\/\/www.futura-brescia.it\/edizioni-passate\/wp-content\/uploads\/2021\/10\/acquilone-2-300x168.png\" class=\"attachment-medium size-medium wp-image-6163\" alt=\"\" srcset=\"https:\/\/www.futura-brescia.it\/edizioni-passate\/wp-content\/uploads\/2021\/10\/acquilone-2-300x168.png 300w, https:\/\/www.futura-brescia.it\/edizioni-passate\/wp-content\/uploads\/2021\/10\/acquilone-2.png 393w\" sizes=\"(max-width: 300px) 100vw, 300px\" \/>\t\t\t\t\t\t\t\t\t\t\t\t\t\t\t<\/div>\n\t\t\t\t<\/div>\n\t\t\t\t\t<\/div>\n\t\t<\/div>\n\t\t\t\t\t\t\t<\/div>\n\t\t<\/section>\n\t\t\t\t<section class=\"elementor-section elementor-top-section elementor-element elementor-element-1cdabd3 elementor-section-boxed elementor-section-height-default elementor-section-height-default\" data-id=\"1cdabd3\" data-element_type=\"section\">\n\t\t\t\t\t\t<div class=\"elementor-container elementor-column-gap-default\">\n\t\t\t\t\t<div class=\"elementor-column elementor-col-100 elementor-top-column elementor-element elementor-element-754690d\" data-id=\"754690d\" data-element_type=\"column\">\n\t\t\t<div class=\"elementor-widget-wrap elementor-element-populated\">\n\t\t\t\t\t\t\t\t<div class=\"elementor-element elementor-element-58c3310 elementor-widget-divider--view-line elementor-widget elementor-widget-divider\" data-id=\"58c3310\" data-element_type=\"widget\" data-settings=\"{&quot;ekit_we_effect_on&quot;:&quot;none&quot;}\" data-widget_type=\"divider.default\">\n\t\t\t\t<div class=\"elementor-widget-container\">\n\t\t\t\t\t<div class=\"elementor-divider\">\n\t\t\t<span class=\"elementor-divider-separator\">\n\t\t\t\t\t\t<\/span>\n\t\t<\/div>\n\t\t\t\t<\/div>\n\t\t\t\t<\/div>\n\t\t\t\t\t<\/div>\n\t\t<\/div>\n\t\t\t\t\t\t\t<\/div>\n\t\t<\/section>\n\t\t\t\t<section class=\"elementor-section elementor-top-section elementor-element elementor-element-9a2a6f7 elementor-section-boxed elementor-section-height-default elementor-section-height-default\" data-id=\"9a2a6f7\" data-element_type=\"section\">\n\t\t\t\t\t\t<div class=\"elementor-container elementor-column-gap-default\">\n\t\t\t\t\t<div class=\"elementor-column elementor-col-33 elementor-top-column elementor-element elementor-element-d813580\" data-id=\"d813580\" data-element_type=\"column\">\n\t\t\t<div class=\"elementor-widget-wrap elementor-element-populated\">\n\t\t\t\t\t\t\t\t<div class=\"elementor-element elementor-element-8168664 elementor-widget elementor-widget-image\" data-id=\"8168664\" data-element_type=\"widget\" data-settings=\"{&quot;ekit_we_effect_on&quot;:&quot;none&quot;}\" data-widget_type=\"image.default\">\n\t\t\t\t<div class=\"elementor-widget-container\">\n\t\t\t\t\t\t\t\t\t\t\t\t\t\t\t<img decoding=\"async\" width=\"250\" height=\"320\" src=\"https:\/\/www.futura-brescia.it\/edizioni-passate\/wp-content\/uploads\/2021\/10\/giordano-bruno-guerri.jpg\" class=\"attachment-large size-large wp-image-6339\" alt=\"\" srcset=\"https:\/\/www.futura-brescia.it\/edizioni-passate\/wp-content\/uploads\/2021\/10\/giordano-bruno-guerri.jpg 250w, https:\/\/www.futura-brescia.it\/edizioni-passate\/wp-content\/uploads\/2021\/10\/giordano-bruno-guerri-234x300.jpg 234w\" sizes=\"(max-width: 250px) 100vw, 250px\" \/>\t\t\t\t\t\t\t\t\t\t\t\t\t\t\t<\/div>\n\t\t\t\t<\/div>\n\t\t\t\t\t<\/div>\n\t\t<\/div>\n\t\t\t\t<div class=\"elementor-column elementor-col-66 elementor-top-column elementor-element elementor-element-a1ee9d3\" data-id=\"a1ee9d3\" data-element_type=\"column\">\n\t\t\t<div class=\"elementor-widget-wrap elementor-element-populated\">\n\t\t\t\t\t\t\t\t<div class=\"elementor-element elementor-element-0a30fbb elementor-widget elementor-widget-text-editor\" data-id=\"0a30fbb\" data-element_type=\"widget\" data-settings=\"{&quot;ekit_we_effect_on&quot;:&quot;none&quot;}\" data-widget_type=\"text-editor.default\">\n\t\t\t\t<div class=\"elementor-widget-container\">\n\t\t\t\t\t\t\t<p>Giordano Bruno Guerri, senese, \u00e8 storico, manager editoriale e museale, docente universitario.<\/p><p>Come storico si \u00e8 occupato principalmente di storia contemporanea e dei rapporti fra Stato e Chiesa in Italia. Si \u00e8 laureato, con lode, nel 1974 in Storia Contemporanea all\u2019Universit\u00e0 Cattolica di Milano con una tesi sulla figura e l\u2019opera di Giuseppe Bottai che venne pubblicata da Feltrinelli nel 1976 con il titolo Giuseppe Bottai, un fascista critico, tuttora edita. Si afferm\u00f2 cos\u00ec come uno degli storici pi\u00f9 innovativi e autorevoli negli studi sul fascismo.<\/p><p>Ha pubblicato con le principali case editrici italiane: Rapporto al Duce (Bompiani, 1978) raccolta di documenti storici; Galeazzo Ciano (Bompiani, 1979), considerato dalla critica uno dei pi\u00f9 importanti studi sulla politica estera fascista; L\u2019Arcitaliano \u2013 Vita di Curzio Malaparte (Bompiani, 1981) con il quale ha vinto il \u201cPrix pour le meilleur livre \u00e9tranger\u201d assegnatogli nel 1983 dagli editori francesi; Diari 1935 \u2013 1944 e 1944 \u2013 1948 di Bottai (Rizzoli, 1982 e 1988); Italo Balbo (Garzanti, 1983) con cui chiuse la quadrilogia sulla classe dirigente fascista. In seguito ha pubblicato: Io, l\u2019infame (Mondadori, 1983), biografia del brigatista rosso Patrizio Peci; Povera santa, povero assassino. La vera storia di Maria Goretti (Mondadori, 1985). E ancora: Gli italiani sotto la Chiesa. Da San Pietro a Mussolini (Mondadori, 1992); Fascisti \u2013 Gli italiani di Mussolini, il regime degli italiani (Mondadori, 1995), lavoro divulgativo che ha venduto oltre 250,000 copie; Per una rivoluzione italiana (Baldini&amp;Castoldi, 1996) saggio politico\u2013antropologico scritto con Ida Magli; L\u2019Antistoria degli italiani \u2013 Da Romolo a Giovanni Paolo II (Mondadori, 1997), altro libro di sintesi e divulgazione giunto alla sessantasettesima edizione; Eretico e profeta. Ernesto Buonaiuti, un prete contro la Chiesa (Mondadori, 2001); Pensieri scorretti (Utet, 2007), una raccolta di aforismi irriverenti. Le sue opere, continuamente ristampate, sono tradotte in inglese, francese, tedesco,<\/p><p>spagnolo, coreano, lituano, croato, olandese, polacco, portoghese, serbo, ungherese.<\/p><p>Per la sua opera complessiva ha ricevuto nel 1999 il premio europeo Voltaire-Diderot \u201ccome pensatore indipendente, laico e difensore delle libert\u00e0 collettive e individuali\u201d. Nel 2018 ha avuto il Premio Citt\u00e0 di Viareggio e il Premio Internazionale Napoli.<\/p><p>Nel febbraio del 2008 ha pubblicato Gabriele d\u2019Annunzio. L\u2019amante guerriero (Mondadori, giunto alla sedicesima edizione), al quale sono stati assegnati il Premio Mediterraneo per la Cultura 2008. Dal suo libro \u00e8 stato tratto lo spettacolo teatrale L\u2019amante guerriero. Nel 2013 ha pubblicato un secondo saggio su d\u2019Annunzio, La mia vita carnale (Mondadori).<\/p><p>Nel gennaio 2009 ha pubblicato Filippo Tommaso Marinetti. Invenzioni, avventure e passioni di un rivoluzionario (Mondadori), vincitore del Premio Caffeina d\u2019Europa e Comisso Biografia 2009.<\/p><p>Da Bompiani \u00e8 uscito, alla fine del 2009, Follia? Vita di Vincent van Gogh, lavoro di sintesi su studi precedenti e frutto della trasmissione radiofonica Alle otto della sera (Rai2). Dal libro \u00e8 stato tratto lo spettacolo teatrale La discesa infinita.<\/p><p>Nell\u2019ottobre del 2010 ha pubblicato Il sangue del Sud. Antistoria del Risorgimento e del brigantaggio (Mondadori), per il quale ha ricevuto nel 2011 il Premio Internazionale Mediterraneo. Lo stesso anno ha concluso i suoi studi sull\u2019insorgenza antiunitaria nel Sud con il volume Il bosco nel cuore. Lotte e amori delle brigantesse che difesero il Sud (Mondadori). Nel luglio 2011 il Corriere della Sera ha pubblicato, allegandolo al quotidiano, il suo volume autobiografico Ebo e Gina.<\/p><p>E&#8217; presidente delle giurie di due Premi: Premio Acqui Storia e Premio Caccuri per la Saggistica, membro della giuria del Premio Estense.<\/p><p>Ha curata la grande mostra milanese sugli Anni Trenta (1982), evento basilare del dopoguerra per l&#8217;esame dei rapporti Italia-fascismo-cultura, e gli Eventi Speciali per la Mostra del Vittoriano su van Gogh (ottobre-dicembre 2010). Una sua Mostra itinerante su Gabriele d\u2019Annunzio \u00e8 stata inaugurata il 6 ottobre<\/p><p>2010 alla New York University di N.Y., da dove \u00e8 proseguita per Tokio, Kioto e numerose capitali europee.<\/p><p>Dal 1985 al 1986 ha diretto Storia illustrata la pi\u00f9 diffusa rivista italiana di storia, raddoppiando le vendite da 60.000 a 120.000 mensili. Dal 1986 al 1988, quando si dimise per il cambio della propriet\u00e0, \u00e8 stato direttore editoriale della Arnoldo Mondadori Editore. Aveva lavorato in precedenza per la Garzanti, come responsabile del settore di storia contemporanea dell\u2019Enciclopedia Europea, e successivamente (dal 1988 al 1990) come direttore editoriale della Leonardo editore che contribu\u00ec a ideare e fondare con Leonardo Mondadori, e per la quale diresse il mensile Chorus (1989\u20131991). Nei tre anni successivi si \u00e8 trasferito a New York.<\/p><p>Dal 1995 al 1997 ha scritto e condotto la trasmissione quotidiana Italia mia bench\u00e9, in onda su Rai Tre, che ebbe grande successo nonostante i temi sofisticati. Oltre che conduttore \u00e8 ideatore, sceneggiatore e consulente storico di molti programmi televisivi e radiofonici, storici e di attualit\u00e0 per Rai 1, Rai 2 e Rai 3, fra i quali La lista molibdeno, regia di Marco Fina (1981), Tutti gli uomini del duce, con Nicola Caracciolo (1982), Ali sull&#8217;Atlantico (1984) con Folco Quilici (1984), Io e il duce regia di Alberto Negrin (1985), tratto dal suo libro su Ciano e premiato negli Stati Uniti come il miglior film televisivo straniero (1986), I colori della giovent\u00f9, su Umberto Boccioni (2005). Alle sue presentazioni dei film di argomento storico su Studio Universal (Sky), e stato assegnato il Premio Acqui Storia 2008 per la migliore divulgazione storica in televisione. Nel 2011 ha condotto una trasmissione settimana sul Risorgimento su Rai 1 e nel 2012, sempre su Rai 1, un\u2019altra trasmissione bisettimanale sui Paesi membri dell\u2019Unione Europea.<\/p><p>Dopo la collaborazione alle pagine culturali del Giorno, dal 1984 \u00e8 opinionista del Giornale; collabora a riviste (List, Prima Comunicazione) e a testate storiografiche e culturali.<\/p><p>Dal 2003 al 2005 ha diretto L\u2019Indipendente, quotidiano nazionale rilanciato dopo anni di scomparsa dal mercato editoriale.<\/p><p>Dal marzo del 2003 al maggio 2007 \u00e8 stato presidente dell\u2019Istituto di Alta Cultura Fondazione Ugo Bordoni, istituzione d\u2019importanza mondiale nel campo<\/p><p>delle ricerche sulle comunicazioni. Nello stesso periodo ha fatto parte del Consiglio Superiore delle Comunicazioni presso il Ministero delle Comunicazioni. Fino al marzo 2008 \u00e8 stato presidente di LangTech2008, conferenza internazionale per il Trattamento Automatico del Linguaggio, ovvero come insegnare alle macchine a parlare e a capire la lingua. Dal 2003 \u00e8 Presidente del ForumTal, che unisce \u2013 oltre alla Fondazione Ugo Bordoni &#8211; istituti di ricerca, aziende private e amministrazioni pubbliche.<\/p><p>Dal 14 ottobre 2008 \u00e8 Presidente della Fondazione Vittoriale degli Italiani, carica che gli \u00e8 stata riconfermata il 5 settembre 2011 e il 25 novembre 2016. In tale veste ha risanato i bilanci, aumentato i visitatori, aperto due nuovi musei permanenti, acquisito opere d\u2019arte contemporanea e una eccezionale quantit\u00e0 di documenti dannunziani, istituito il Festival Vittoriale tener-a-mente, rilanciando l\u2019immagine del Vittoriale e di Gabriele d\u2019Annunzio anche con numerose iniziative mediatiche. Per questa attivit\u00e0, nel dicembre del 2009, gli \u00e8 stato assegnato il Premio Garda d\u2019Oro per lo sviluppo dell\u2019area del Garda e nel 2011 il Comune di Gardone Riviera gli ha dato la cittadinanza onoraria. Nell\u2019ottobre 2014 ha aggiunto alla carica di presidente quella di direttore generale della Fondazione.<\/p><p>Dal novembre 2010 al novembre 2013 \u00e8 stato Consulente d\u2019Immagine per la citt\u00e0 di Pescara e direttore del D\u2019Annunzio Festival, organizzando convegni, spettacoli, mostre e eventi che hanno contribuito al rilancio dell\u2019immagine culturale e turistica della citt\u00e0 adriatica, anche grazie al marchio Pescara tener-a-mente, da lui creato e che ha permesso di riunire tutti gli eventi dell\u2019estate pescarese sotto un unico cartellone.<\/p><p>Il 6 giugno 2011 l\u2019Universit\u00e0 di Lecce gli ha assegnato il Premio Barocco.<\/p><p>Nel dicembre 2014 \u00e8 stato nominato presidente dell\u2019antica Fondazione Opera Pia Carit\u00e0 Laicale e Istituto Lodroniano, che si occupa del Museo di Sal\u00f2 (MuSa) e del teatro cittadino. Nell\u2019aprile del 2015 \u00e8 stato nominato anche direttore generale del MuSa.<\/p><p>Dall\u2019ottobre 2015 \u00e8 direttore generale di GardaMusei, associazione fra comuni, musei e istituzioni da lui costituita.<\/p><p>Nel 2018 ha pubblicato un aggiornamento dell\u2019Antistoria degli italiani. Da Romolo a Grillo (La Nave di Teseo)<\/p><p>Nel marzo 2019 \u00e8 uscito il suo ultimo saggio &#8220;Disobbedisco. Cinquecento giorni di rivoluzione a Fiume, 1919-1920&#8221; edito da Mondadori.<\/p>\t\t\t\t\t\t<\/div>\n\t\t\t\t<\/div>\n\t\t\t\t\t<\/div>\n\t\t<\/div>\n\t\t\t\t\t\t\t<\/div>\n\t\t<\/section>\n\t\t\t\t\t\t\t<\/div>\n\t\t","protected":false},"excerpt":{"rendered":"<p>Giordano Bruno Guerri Fondazione Vittoriale degli Italiani Giordano Bruno Guerri, senese, \u00e8 storico, manager editoriale e museale, docente universitario. Come storico si \u00e8 occupato principalmente di storia contemporanea e dei rapporti fra Stato e Chiesa in Italia. Si \u00e8 laureato, con lode, nel 1974 in Storia Contemporanea all\u2019Universit\u00e0 Cattolica di Milano con una tesi sulla [&hellip;]<\/p>\n","protected":false},"author":2,"featured_media":0,"parent":0,"menu_order":0,"comment_status":"closed","ping_status":"closed","template":"elementor_header_footer","meta":{"footnotes":""},"acf":[],"yoast_head":"<!-- This site is optimized with the Yoast SEO plugin v21.4 - https:\/\/yoast.com\/wordpress\/plugins\/seo\/ -->\n<title>Giordano Bruno Guerri - FUTURA<\/title>\n<meta name=\"robots\" content=\"index, follow, max-snippet:-1, max-image-preview:large, max-video-preview:-1\" \/>\n<link rel=\"canonical\" href=\"https:\/\/www.futura-brescia.it\/edizioni-passate\/giordano-bruno-guerri\/\" \/>\n<meta property=\"og:locale\" content=\"it_IT\" \/>\n<meta property=\"og:type\" content=\"article\" \/>\n<meta property=\"og:title\" content=\"Giordano Bruno Guerri - FUTURA\" \/>\n<meta property=\"og:description\" content=\"Giordano Bruno Guerri Fondazione Vittoriale degli Italiani Giordano Bruno Guerri, senese, \u00e8 storico, manager editoriale e museale, docente universitario. Come storico si \u00e8 occupato principalmente di storia contemporanea e dei rapporti fra Stato e Chiesa in Italia. Si \u00e8 laureato, con lode, nel 1974 in Storia Contemporanea all\u2019Universit\u00e0 Cattolica di Milano con una tesi sulla [&hellip;]\" \/>\n<meta property=\"og:url\" content=\"https:\/\/www.futura-brescia.it\/edizioni-passate\/giordano-bruno-guerri\/\" \/>\n<meta property=\"og:site_name\" content=\"FUTURA\" \/>\n<meta property=\"article:publisher\" content=\"https:\/\/www.facebook.com\/futura.economiaperlambiente\/\" \/>\n<meta property=\"article:modified_time\" content=\"2021-10-28T09:49:05+00:00\" \/>\n<meta property=\"og:image\" content=\"https:\/\/futura-brescia.it\/edizioni-passate\/wp-content\/uploads\/2021\/10\/acquilone-2-300x168.png\" \/>\n<meta name=\"twitter:card\" content=\"summary_large_image\" \/>\n<meta name=\"twitter:label1\" content=\"Tempo di lettura stimato\" \/>\n\t<meta name=\"twitter:data1\" content=\"6 minuti\" \/>\n<script type=\"application\/ld+json\" class=\"yoast-schema-graph\">{\"@context\":\"https:\/\/schema.org\",\"@graph\":[{\"@type\":\"WebPage\",\"@id\":\"https:\/\/www.futura-brescia.it\/edizioni-passate\/giordano-bruno-guerri\/\",\"url\":\"https:\/\/www.futura-brescia.it\/edizioni-passate\/giordano-bruno-guerri\/\",\"name\":\"Giordano Bruno Guerri - FUTURA\",\"isPartOf\":{\"@id\":\"https:\/\/www.futura-brescia.it\/edizioni-passate\/#website\"},\"datePublished\":\"2021-10-28T09:47:36+00:00\",\"dateModified\":\"2021-10-28T09:49:05+00:00\",\"breadcrumb\":{\"@id\":\"https:\/\/www.futura-brescia.it\/edizioni-passate\/giordano-bruno-guerri\/#breadcrumb\"},\"inLanguage\":\"it-IT\",\"potentialAction\":[{\"@type\":\"ReadAction\",\"target\":[\"https:\/\/www.futura-brescia.it\/edizioni-passate\/giordano-bruno-guerri\/\"]}]},{\"@type\":\"BreadcrumbList\",\"@id\":\"https:\/\/www.futura-brescia.it\/edizioni-passate\/giordano-bruno-guerri\/#breadcrumb\",\"itemListElement\":[{\"@type\":\"ListItem\",\"position\":1,\"name\":\"Home\",\"item\":\"https:\/\/www.futura-brescia.it\/edizioni-passate\/\"},{\"@type\":\"ListItem\",\"position\":2,\"name\":\"Giordano Bruno Guerri\"}]},{\"@type\":\"WebSite\",\"@id\":\"https:\/\/www.futura-brescia.it\/edizioni-passate\/#website\",\"url\":\"https:\/\/www.futura-brescia.it\/edizioni-passate\/\",\"name\":\"FUTURA\",\"description\":\"ECONOMIA X L&#039;AMBIENTE\",\"publisher\":{\"@id\":\"https:\/\/www.futura-brescia.it\/edizioni-passate\/#organization\"},\"potentialAction\":[{\"@type\":\"SearchAction\",\"target\":{\"@type\":\"EntryPoint\",\"urlTemplate\":\"https:\/\/www.futura-brescia.it\/edizioni-passate\/?s={search_term_string}\"},\"query-input\":\"required name=search_term_string\"}],\"inLanguage\":\"it-IT\"},{\"@type\":\"Organization\",\"@id\":\"https:\/\/www.futura-brescia.it\/edizioni-passate\/#organization\",\"name\":\"Futura - Economia x l'Ambiente\",\"url\":\"https:\/\/www.futura-brescia.it\/edizioni-passate\/\",\"logo\":{\"@type\":\"ImageObject\",\"inLanguage\":\"it-IT\",\"@id\":\"https:\/\/www.futura-brescia.it\/edizioni-passate\/#\/schema\/logo\/image\/\",\"url\":\"https:\/\/www.futura-brescia.it\/edizioni-passate\/wp-content\/uploads\/2020\/10\/seo.jpg\",\"contentUrl\":\"https:\/\/www.futura-brescia.it\/edizioni-passate\/wp-content\/uploads\/2020\/10\/seo.jpg\",\"width\":500,\"height\":500,\"caption\":\"Futura - Economia x l'Ambiente\"},\"image\":{\"@id\":\"https:\/\/www.futura-brescia.it\/edizioni-passate\/#\/schema\/logo\/image\/\"},\"sameAs\":[\"https:\/\/www.facebook.com\/futura.economiaperlambiente\/\",\"https:\/\/www.instagram.com\/futura_brescia\/\",\"https:\/\/www.youtube.com\/channel\/UCwgCB5zbBy9eyEshgo7oLqg\"]}]}<\/script>\n<!-- \/ Yoast SEO plugin. -->","yoast_head_json":{"title":"Giordano Bruno Guerri - FUTURA","robots":{"index":"index","follow":"follow","max-snippet":"max-snippet:-1","max-image-preview":"max-image-preview:large","max-video-preview":"max-video-preview:-1"},"canonical":"https:\/\/www.futura-brescia.it\/edizioni-passate\/giordano-bruno-guerri\/","og_locale":"it_IT","og_type":"article","og_title":"Giordano Bruno Guerri - FUTURA","og_description":"Giordano Bruno Guerri Fondazione Vittoriale degli Italiani Giordano Bruno Guerri, senese, \u00e8 storico, manager editoriale e museale, docente universitario. Come storico si \u00e8 occupato principalmente di storia contemporanea e dei rapporti fra Stato e Chiesa in Italia. Si \u00e8 laureato, con lode, nel 1974 in Storia Contemporanea all\u2019Universit\u00e0 Cattolica di Milano con una tesi sulla [&hellip;]","og_url":"https:\/\/www.futura-brescia.it\/edizioni-passate\/giordano-bruno-guerri\/","og_site_name":"FUTURA","article_publisher":"https:\/\/www.facebook.com\/futura.economiaperlambiente\/","article_modified_time":"2021-10-28T09:49:05+00:00","og_image":[{"url":"https:\/\/futura-brescia.it\/edizioni-passate\/wp-content\/uploads\/2021\/10\/acquilone-2-300x168.png"}],"twitter_card":"summary_large_image","twitter_misc":{"Tempo di lettura stimato":"6 minuti"},"schema":{"@context":"https:\/\/schema.org","@graph":[{"@type":"WebPage","@id":"https:\/\/www.futura-brescia.it\/edizioni-passate\/giordano-bruno-guerri\/","url":"https:\/\/www.futura-brescia.it\/edizioni-passate\/giordano-bruno-guerri\/","name":"Giordano Bruno Guerri - FUTURA","isPartOf":{"@id":"https:\/\/www.futura-brescia.it\/edizioni-passate\/#website"},"datePublished":"2021-10-28T09:47:36+00:00","dateModified":"2021-10-28T09:49:05+00:00","breadcrumb":{"@id":"https:\/\/www.futura-brescia.it\/edizioni-passate\/giordano-bruno-guerri\/#breadcrumb"},"inLanguage":"it-IT","potentialAction":[{"@type":"ReadAction","target":["https:\/\/www.futura-brescia.it\/edizioni-passate\/giordano-bruno-guerri\/"]}]},{"@type":"BreadcrumbList","@id":"https:\/\/www.futura-brescia.it\/edizioni-passate\/giordano-bruno-guerri\/#breadcrumb","itemListElement":[{"@type":"ListItem","position":1,"name":"Home","item":"https:\/\/www.futura-brescia.it\/edizioni-passate\/"},{"@type":"ListItem","position":2,"name":"Giordano Bruno Guerri"}]},{"@type":"WebSite","@id":"https:\/\/www.futura-brescia.it\/edizioni-passate\/#website","url":"https:\/\/www.futura-brescia.it\/edizioni-passate\/","name":"FUTURA","description":"ECONOMIA X L&#039;AMBIENTE","publisher":{"@id":"https:\/\/www.futura-brescia.it\/edizioni-passate\/#organization"},"potentialAction":[{"@type":"SearchAction","target":{"@type":"EntryPoint","urlTemplate":"https:\/\/www.futura-brescia.it\/edizioni-passate\/?s={search_term_string}"},"query-input":"required name=search_term_string"}],"inLanguage":"it-IT"},{"@type":"Organization","@id":"https:\/\/www.futura-brescia.it\/edizioni-passate\/#organization","name":"Futura - Economia x l'Ambiente","url":"https:\/\/www.futura-brescia.it\/edizioni-passate\/","logo":{"@type":"ImageObject","inLanguage":"it-IT","@id":"https:\/\/www.futura-brescia.it\/edizioni-passate\/#\/schema\/logo\/image\/","url":"https:\/\/www.futura-brescia.it\/edizioni-passate\/wp-content\/uploads\/2020\/10\/seo.jpg","contentUrl":"https:\/\/www.futura-brescia.it\/edizioni-passate\/wp-content\/uploads\/2020\/10\/seo.jpg","width":500,"height":500,"caption":"Futura - Economia x l'Ambiente"},"image":{"@id":"https:\/\/www.futura-brescia.it\/edizioni-passate\/#\/schema\/logo\/image\/"},"sameAs":["https:\/\/www.facebook.com\/futura.economiaperlambiente\/","https:\/\/www.instagram.com\/futura_brescia\/","https:\/\/www.youtube.com\/channel\/UCwgCB5zbBy9eyEshgo7oLqg"]}]}},"blog_post_layout_featured_media_urls":{"thumbnail":"","full":""},"categories_names":null,"comments_number":"0","_links":{"self":[{"href":"https:\/\/www.futura-brescia.it\/edizioni-passate\/wp-json\/wp\/v2\/pages\/6335"}],"collection":[{"href":"https:\/\/www.futura-brescia.it\/edizioni-passate\/wp-json\/wp\/v2\/pages"}],"about":[{"href":"https:\/\/www.futura-brescia.it\/edizioni-passate\/wp-json\/wp\/v2\/types\/page"}],"author":[{"embeddable":true,"href":"https:\/\/www.futura-brescia.it\/edizioni-passate\/wp-json\/wp\/v2\/users\/2"}],"replies":[{"embeddable":true,"href":"https:\/\/www.futura-brescia.it\/edizioni-passate\/wp-json\/wp\/v2\/comments?post=6335"}],"version-history":[{"count":4,"href":"https:\/\/www.futura-brescia.it\/edizioni-passate\/wp-json\/wp\/v2\/pages\/6335\/revisions"}],"predecessor-version":[{"id":6343,"href":"https:\/\/www.futura-brescia.it\/edizioni-passate\/wp-json\/wp\/v2\/pages\/6335\/revisions\/6343"}],"wp:attachment":[{"href":"https:\/\/www.futura-brescia.it\/edizioni-passate\/wp-json\/wp\/v2\/media?parent=6335"}],"curies":[{"name":"wp","href":"https:\/\/api.w.org\/{rel}","templated":true}]}}